test common divisor of 2075432 and 104.
8
Calculate the greatest common factor of 75007320 and 15.
15
What is the highest common factor of 1084132 and 531216?
868
Calculate the highest common divisor of 4872757 and 3887.
23
What is the greatest common factor of 1892 and 619716?
172
What is the greatest common divisor of 87493 and 28263256?
3017
What is the highest common factor of 1202 and 19338?
2
Calculate the greatest common divisor of 2395649 and 155.
31
What is the greatest common factor of 184257 and 33937641?
3123
What is the highest common divisor of 4146096 and 18768?
816
What is the greatest common factor of 19291 and 4966955?
191
Calculate the greatest common factor of 584 and 376030957.
73
Calculate the greatest common divisor of 149341931 and 431.
431
What is the highest common factor of 816 and 19425968?
272
What is the highest common divisor of 30650 and 87046?
1226
Calculate the greatest common factor of 17 and 2761364009.
17
What is the highest common factor of 3951 and 315641?
439
Calculate the greatest common divisor of 152900 and 3381400.
1100
What is the greatest common factor of 305004 and 1092?
84
Calculate the greatest common divisor of 3256 and 2332936.
8
Calculate the greatest common divisor of 210 and 1111535.
5
Calculate the greatest common factor of 146808673 and 33.
11
What is the greatest common divisor of 78 and 57020483?
13
What is the greatest common factor of 96151088 and 264?
88
Calculate the highest common factor of 41325 and 119683.
29
Calculate the highest common divisor of 40 and 953856.
8
What is the greatest common divisor of 1974241217 and 26?
13
What is the greatest common factor of 30494120 and 40?
40
Calculate the highest common divisor of 673739 and 23.
23
What is the greatest common factor of 17 and 98503831?
17
Calculate the greatest common divisor of 13727661 and 479.
479
Calculate the greatest common divisor of 23241167 and 3883.
353
Calculate the greatest common divisor of 729632 and 26528.
32
Calculate the highest common divisor of 8366433 and 36648.
1527
What is the greatest common divisor of 1744 and 169855681?
109
Calculate the highest common factor of 1066 and 26770991.
533
What is the greatest common factor of 24594273 and 242293?
3067
What is the greatest common divisor of 28275711 and 597?
597
What is the greatest common divisor of 97202448 and 672?
336
What is the highest common factor of 22699776 and 308?
44
What is the highest common divisor of 38282 and 8?
2
Calculate the highest common factor of 1791 and 1915753299.
597
What is the highest common divisor of 12 and 83779863?
3
Calculate the highest common factor of 20844 and 396808.
772
Calculate the highest common divisor of 7686 and 2188314.
1098
What is the highest common factor of 141 and 19948022?
47
What is the highest common divisor of 1122488143 and 6181?
6181
What is the highest common factor of 23140 and 106648700?
1780
Calculate the highest common divisor of 578759 and 2849639.
1577
Calculate the highest common factor of 1107 and 582714099.
369
Calculate the highest common factor of 1963 and 9138067.
151
What is the greatest common divisor of 70692 and 45189732?
516
Calculate the highest common divisor of 56 and 1031992.
8
What is the greatest common divisor of 49900316 and 2708?
2708
What is the greatest common divisor of 127426 and 3142672?
754
Calculate the highest common factor of 4403474464 and 584.
584
What is the greatest common divisor of 3556 and 696356?
4
Calculate the greatest common divisor of 79900 and 1860072.
3196
Calculate the highest common divisor of 868956 and 4587.
33
What is the highest common divisor of 181628 and 594796?
68
What is the highest common factor of 35347956 and 12?
12
Calculate the greatest common divisor of 29261874 and 24.
6
What is the greatest common factor of 10150 and 350697725?
5075
Calculate the greatest common factor of 800708920 and 6245.
6245
What is the highest common divisor of 1893154 and 6358?
34
What is the highest common divisor of 559115 and 4990310?
8345
Calculate the greatest common divisor of 15806 and 28353706.
2258
Calculate the highest common divisor of 456 and 26160093.
57
Calculate the greatest common divisor of 10920 and 997880.
520
Calculate the highest common factor of 67306680 and 10745.
10745
What is the greatest common factor of 186 and 116644134?
186
What is the highest common factor of 66669 and 143041?
313
Calculate the greatest common factor of 37284 and 563562.
1434
What is the greatest common factor of 810204577 and 3367?
3367
Calculate the highest common factor of 97498930 and 13614.
4538
What is the highest common divisor of 83836 and 692?
4
What is the greatest common factor of 88342065 and 90?
45
Calculate the highest common divisor of 66938745 and 215.
215
What is the highest common divisor of 874 and 49493746?
874
What is the greatest common factor of 3976 and 3416?
56
Calculate the highest common factor of 52506012 and 312.
156
What is the highest common divisor of 11467599 and 858?
429
What is the highest common divisor of 756 and 1108224?
36
What is the highest common factor of 46997130 and 2100?
30
What is the greatest common factor of 8252766 and 1458?
486
What is the highest common divisor of 90111528 and 39520?
1976
What is the highest common factor of 203376 and 6864?
48
What is the greatest common factor of 4205 and 62751215?
4205
Calculate the highest common factor of 11288 and 51882968.
664
What is the greatest common divisor of 1360 and 366605?
85
Calculate the greatest common divisor of 13272 and 686713188.
6636
Calculate the highest common divisor of 1651 and 2319252.
13
What is the highest common factor of 496 and 17134196?
124
Calculate the highest common factor of 5309895 and 1035.
345
Calculate the highest common divisor of 5152 and 71023264.
736
What is the greatest common factor of 400981120 and 40?
40
Calculate the greatest common divisor of 523 and 7333.
1
Calculate the greatest common factor of 468 and 60440380.
52
Calculate the highest common factor of 12 and 1898000556.
12
What is the greatest common divisor of 404 and 82009778?
202
Calculate the greatest common factor of 842 and 242133519.
421
What is the highest common factor of 2343 and 2030127?
33
What is the highest common factor of 291736 and 808?
8
Calculate the greatest common factor of 3320 and 4208515.
415
Calculate the highest common divisor of 579479109 and 11.
11
Calculate the greatest common divisor of 1216124 and 4112.
1028
Calculate the highest common divisor of 77996726 and 46.
46
Calculate the highest common factor of 45601 and 1242995.
1471
What is the greatest common divisor of 104741 and 2081807?
91
Calculate the greatest common divisor of 1098 and 174402.
18
What is the greatest common divisor of 13716 and 304452?
108
Calculate the highest common factor of 14854 and 12922.
14
Calculate the highest common factor of 10503112 and 688.
8
What is the greatest common factor of 997152 and 15604?
188
What is the greatest common divisor of 11172 and 203580?
12
Calculate the greatest common factor of 16700 and 2212325.
25
Calculate the greatest common divisor of 149 and 49840649.
149
Calculate the greatest common factor of 970 and 135225.
5
What is the highest common factor of 38097361 and 16047?
1783
Calculate the highest common divisor of 951631 and 10276.
367
Calculate the highest common factor of 204752 and 58816.
16
What is the greatest common divisor of 140581543 and 23?
23
What is the greatest common factor of 2253196 and 1474?
22
Calculate the greatest common factor of 411344670 and 165.
165
What is the highest common divisor of 566775 and 1129095?
495
Calculate the highest common divisor of 1761024 and 490702.
4586
What is the highest common divisor of 2690640 and 400?
80
What is the greatest common factor of 71 and 608102788?
71
What is the highest common factor of 129206 and 70?
14
Calculate the highest common divisor of 103815 and 1483245.
135
What is the greatest common factor of 1029672 and 14796?
108
What is the highest common divisor of 56 and 3398206?
14
What is the greatest common divisor of 47593 and 1844206?
91
Calculate the greatest common factor of 6987372 and 9482.
862
Calculate the highest common factor of 4372743 and 73116.
20